+ 411*y**2 + 4359*y - 451. What is x(-11)?
0
Let k(x) = -x**3 - 124*x**2 - 3747*x - 101. Give k(-52).
55
Let a(i) = 37437*i + 2695449. Determine a(-72).
-15
Let u(h) = -4761*h - 217869. Determine u(-46).
1137
Let n(z) = 375*z**2 + 12*z - 19. Calculate n(1).
368
Let u(v) = 7754867*v + 31019476. Give u(-4).
8
Let h(y) = -13*y**2 - 1125*y + 7906. What is h(7)?
-606
Let t(j) = 4*j**2 - 1704*j + 30. Determine t(426).
30
Let f(c) = 472*c**2 + 2630*c + 19. Calculate f(-6).
1231
Let i(z) = 2*z**2 - 169*z - 128. Give i(85).
-43
Let h(v) = -v**3 - 35*v**2 - 189*v + 2187. What is h(-21)?
-18
Let j(y) = 1942*y**2 + 789*y - 2. Calculate j(-1).
1151
Let p(l) = -3*l**3 + 8*l**2 - 83*l + 718. Give p(8).
-970
Let p(o) = 999*o**2 - 15619*o + 15617. Determine p(1).
997
Let a(v) = -11*v**3 - 212*v**2 + 20*v - 575. Determine a(-19).
-2038
Let v(o) = 249*o**2 + 6109*o + 3192. Determine v(-24).
0
Let j(q) = 1130*q + 563. Give j(-2).
-1697
Let n(m) = -m**3 - 76*m**2 - 287*m - 5411. Determine n(-73).
-447
Let m(z) = 303*z - 8519. Determine m(17).
-3368
Let d(t) = -292*t**2 - 3776*t - 40. Determine d(-13).
-300
Let u(z) = 5*z**2 - 81*z - 485. Determine u(20).
-105
Let w(d) = 457*d**2 + 14211*d - 61. Determine w(-31).
-1425
Let u(w) = -7079*w - 90905. What is u(-13)?
1122
Let a(d) = -1278*d - 44471. What is a(-35)?
259
Let z(i) = -i**3 - 485*i**2 - 45*i - 21746. What is z(-485)?
79
Let u(l) = -25628*l - 256263. Determine u(-10).
17
Let s(u) = 3372*u - 13489. Calculate s(4).
-1
Let a(p) = -4*p**3 - 11*p**2 - 6*p + 78. Calculate a(-5).
333
Let o(z) = -5*z**3 + 44*z**2 - 20*z - 94. What is o(9)?
-355
Let v(f) = 24*f**2 + 512*f - 514. Determine v(1).
22
Let a(k) = -3*k**2 - 222*k - 1269. What is a(0)?
-1269
Let b(t) = -2025*t + 459648. Determine b(227).
-27
Let k(s) = 14*s**3 - 507*s**2 - 426*s + 699. Calculate k(37).
-4
Let d(b) = -7*b**3 + 28*b**2 + 237*b - 939. Calculate d(4).
9
Let z(b) = -2*b**2 + 59874*b + 598945. What is z(-10)?
5
Let x(l) = 6189*l - 1213045. Calculate x(196).
-1
Let d(x) = -91390*x + 913894. Determine d(10).
-6
Let k(g) = -g**3 + 80*g**2 - 1247*g + 247. Determine k(59).
-225
Let y(x) = 1145*x**2 - 7564*x + 4159. Calculate y(6).
-5
Let a(u) = -84*u**3 - 760*u**2 - 51*u - 13. Determine a(-9).
122
Let t(g) = g**3 + 215*g**2 - 449*g - 2009. What is t(-217)?
1246
Let k(r) = 99*r**2 - 161. What is k(-4)?
1423
Let j(r) = -r**2 - 4962*r - 221228. Give j(-45).
37
Let k(a) = -64*a**3 + 7233*a**2 - 109*a - 461. Calculate k(113).
-9
Let z(d) = 4387*d - 280712. Determine z(64).
56
Let s(n) = -249746*n - 3246704. What is s(-13)?
-6
Let c(h) = h**3 + 1306*h**2 - 26496*h + 31882. Determine c(-1326).
58
Let h(x) = -408*x**3 - 183*x**2 + 172*x + 10. Determine h(1).
-409
Let i(g) = -4771*g + 34118. Give i(7).
721
Let m(g) = -5166*g - 41447. Calculate m(-8).
-119
Let z(v) = 9*v**3 + 161*v**2 + 124*v + 2569. What is z(-18)?
13
Let h(m) = 2*m**3 - 50*m**2 + 1768*m + 5770. Determine h(-3).
-38
Let u(i) = 29067*i - 581538. Calculate u(20).
-198
Let j(a) = 33*a**2 - 7891*a + 990. Calculate j(239).
34
Let p(a) = -144596*a - 4337861. Calculate p(-30).
19
Let z(y) = 8586*y + 798490. Calculate z(-93).
-8
Let v(z) = 3*z**2 + 92*z + 643. Give v(-11).
-6
Let m(b) = -1544229*b - 3088456. Calculate m(-2).
2
Let j(h) = -16*h**3 + 3234*h**2 - 426*h + 4226. What is j(202)?
-218
Let g(r) = 2146*r + 173825. Give g(-81).
-1
Let p(h) = -1340*h + 141967. Determine p(106).
-73
Let d(b) = 18*b**2 + 6506*b + 28557. Give d(-357).
-3
Let r(d) = d**3 + 6*d**2 + 94*d + 151. Give r(-2).
-21
Let c(s) = -25*s**3 + 55*s**2 + 412*s - 318. What is c(5)?
-8
Let d(c) = -8994*c - 18162. What is d(-2)?
-174
Let g(q) = -43716*q - 655739. What is g(-15)?
1
Let t(f) = -16*f**2 - 1653*f - 615. Give t(-103).
-100
Let w(m) = -9*m**2 + 306*m - 2056. Give w(25).
-31
Let u(f) = 2*f + 502. What is u(-111)?
280
Let a(b) = 1225*b + 249887. Determine a(-204).
-13
Let a(b) = -30422*b - 212949. Determine a(-7).
5
Let a(b) = 4410*b - 61729. Calculate a(14).
11
Let m(w) = 18*w**2 + 4973*w + 219043. Calculate m(-55).
-22
Let v(m) = -3*m**2 - 863*m + 18067. Calculate v(20).
-393
Let q(n) = -6*n**3 - 2189*n**2 - 3986*n + 2527. What is q(-363)?
-14
Let s(o) = -o**3 + 151*o**2 - 5086*o - 713. What is s(51)?
1
Let n(z) = -4504*z + 1801538. Calculate n(400).
-62
Let n(c) = -4*c**2 + 3131*c - 332507. Give n(656).
85
Let q(j) = -675*j + 39517. Give q(54).
3067
Let o(c) = 3*c**3 + 2*c**2 - 169*c - 8032. Calculate o(15).
8
Let p(o) = 401*o - 65298. What is p(163)?
65
Let k(o) = -250*o**2 + 886*o - 659. What is k(1)?
-23
Let j(f) = -3776*f - 1136515. Calculate j(-301).
61
Let j(v) = -5*v**2 + 211*v + 4798. Give j(-24).
-3146
Let n(s) = 4910*s + 58920. Give n(-12).
0
Let u(x) = 9285*x + 584972. Calculate u(-63).
17
Let o(b) = -36*b + 8592. Determine o(248).
-336
Let p(y) = -114163*y - 457931. Give p(-4).
-1279
Let i(a) = -11773*a + 2225100. Calculate i(189).
3
Let m(f) = 2*f**3 + 128*f**2 - 148*f - 1149. Give m(-65).
21
Let b(n) = 8990*n - 314663. Determine b(35).
-13
Let h(a) = -166*a + 2612. Determine h(15).
122
Let b(p) = 832*p - 4747. Determine b(6).
245
Let a(y) = -166694*y + 666778. Determine a(4).
2
Let a(j) = j**2 - 548*j - 72374. What is a(658)?
6
Let f(c) = 776*c**2 + 82*c - 74. Determine f(1).
784
Let g(h) = 3118*h - 9449. Calculate g(4).
3023
Let l(b) = -12*b**2 - 36*b + 171. Determine l(3).
-45
Let d(v) = -18617*v - 3369651. Determine d(-181).
26
Let r(t) = 2*t**2 + 2636*t + 751594. What is r(-901)?
160
Let o(i) = -i**3 + 12*i**2 + 204*i - 19. What is o(24)?
-2035
Let p(h) = -h**3 - 139*h**2 + 1969*h - 996. Calculate p(-152).
68
Let x(j) = j**3 - 102*j**2 - 97*j - 501. Determine x(103).
117
Let f(s) = 798*s**3 - 20*s**2 + 12*s + 16. Give f(-1).
-814
Let b(u) = -6*u**3 + 162*u**2 + 168*u + 36. Calculate b(28).
36
Let s(y) = -y**3 - 37*y**2 + 5062*y - 190. Calculate s(55).
-80
Let l(g) = -8*g**3 - 558*g**2 + 125*g + 215. What is l(-70)?
1265
Let i(a) = -2*a**2 + 1736*a - 110312. Give i(69).
-50
Let w(v) = -11993*v + 3418001. Calculate w(285).
-4
Let c(p) = -3*p**3 - 682*p**2 + 2758*p + 22. Give c(4).
-50
Let k(h) = -645*h - 40165. Determine k(-63).
470
Let u(m) = 14*m**2 + 1009*m + 6452. What is u(-7)?
75
Let b(n) = n**3 + 48*n**2 + 258*n - 98. What is b(-42)?
-350
Let k(x) = -336536*x - 15480661. Give k(-46).
-5
Let t(u) = -u**2 + 634*u - 69726. Give t(141).
-213
Let i(a) = -7772*a - 318583. What is i(-41)?
69
Let n(h) = h**2 - 24*h - 10572. Determine n(-97).
1165
Let l(s) = 618*s**2 - 129167*s + 1044. Calculate l(209).
-1
Let d(q) = -16*q**2 - 141*q + 169. Calculate d(-4).
477
Let d(i) = -38*i**3 - 11*i**2 + 14*i + 28. Give d(2).
-292
Let o(w) = 54*w**2 + 3427*w + 8121. Calculate o(-61).
8
Let l(t) = -10335*t + 857741. Calculate l(83).
-64
Let n(h) = 272*h**3 + h**2 + 9*h + 10. Calculate n(-1).
-270
Let f(g) = 8*g**2 - 3280*g + 9842. Determine f(3).
74
Let n(j) = -200*j - 47648. What is n(-238)?
-48
Let m(l) = 3*l**3 + 21*l**2 - 111*l + 29. Calculate m(-8).
725
Let l(n) = 870*n + 746. Calculate l(-1).
-124
Let z(d) = -d**2 - 200*d + 11452. Give z(46).
136
Let k(v) = -1381*v - 103323. What is k(-75)?
252
Let f(u) = 4*u**2 + 29*u - 2. Determine f(-14).
376
Let h(y) = -10029*y + 60290. Determine h(6).
116
Let h(m) = 2*m**3 - 19*m**2 - 322*m - 115. What is h(16)?
-1939
Let s(m) = 2*m**2 - 599*m - 880. Calculate s(300).
-580
Let i(g) = 45*g**3 - 18*g**2 - 12836*g + 12836. What is i(1)?
27
Let m(p) = 4*p**3 - 3*p**2 - 229*p + 227. Give m(1).
-1
Let h(d) = -1174*d + 153328. Determine h(131).
-466
Let t(u) = u**3 - 223*u**2 + 11778*u + 485. Give t(137).
-63
Let d(y) = -110*y + 3705. Give d(28).
625
Let w(j) = 3*j**2 + 215*j - 1050. Determine w(-75).
-300
Let i(h) = -2*h**3 + 31*h**2 - 28*h - 131. Calculate i(14).
65
Let i(l) = -2*l**3 + 3152*l**2 + 296372*l - 204. Determine i(-89).
-382
Let j(p) = -57*p - 6089. Determine j(-108).
67
Let p(o) = 1435*o + 61995. Give p(-45).
-2580
Let o(n) = -1550*n - 441752. Give o(-285).
-2
Let n(v) = -2*v**3 + 32*v**2 - 223*v + 1251. Give n(11).
8
Let g(r) = 2*r**3 - 84*r**2 - 1338*r + 56169. What is g(42)?
-27
Let y(s) = 14*s**3 + 425*s**2 + 135*s - 406. Determine y(-30).
44
Let b(s) = -9497*s - 21352. Determine b(-2).
-2358
Let t(q) = -7*q**3 + 125*q**2 - 429*q + 89. Determine t(4).
-75
Let 